-- Table structure for table `list_data`
--

CREATE TABLE `list_data` (
  `list_data_id` int(10) unsigned NOT NULL AUTO_INCREMENT,
  `list_id` int(11) NOT NULL,
  `college` int(11) NOT NULL,
  `rank` int(11) NOT NULL,
  PRIMARY KEY (`list_data_id`)
) ENGINE=InnoDB AUTO_INCREMENT=132 DEFAULT CHARSET=utf8;

--
-- Dumping data for table `list_data`
--

INSERT INTO `list_data` VALUES (4,3,2782,1),(13,4,3048,1),(14,4,3026,2),(15,4,2703,3),(16,4,3025,4),(17,4,3028,5),(18,4,3023,6),(19,4,3027,7),(20,4,3029,8),(21,4,3032,14),(22,4,3030,15),(23,4,3031,17),(24,4,3036,18),(25,4,3033,22),(26,4,3040,27),(27,4,3038,30),(28,4,3034,33),(29,4,3039,41),(30,4,3043,59),(31,4,3045,67),(34,4,3044,69),(35,4,3047,81),(36,4,3046,93),(37,5,3049,9),(38,5,3050,12),(40,5,3052,16),(41,5,3053,21),(42,5,3054,23),(43,5,3058,37),(44,5,3057,40),(45,5,3055,41),(46,5,3065,41),(47,5,3056,43),(49,5,3062,46),(50,5,3059,49),(51,5,3061,58),(52,5,3063,65),(53,5,3064,72),(54,5,3066,70),(55,5,3067,82),(56,5,3068,80),(58,5,3069,91),(59,5,3070,90),(60,5,3071,0),(61,5,3072,95),(62,5,3073,0),(63,5,3074,0),(64,5,3075,0),(65,5,3076,0),(66,5,3077,0),(67,5,3078,51),(68,5,3079,0),(69,5,3080,0),(70,5,3081,0),(71,6,3082,62),(72,6,3083,78),(73,6,3084,81),(74,6,3086,82),(75,6,3087,93),(76,6,3088,184),(77,6,3085,0),(78,6,3089,0),(79,6,3090,0),(80,6,3091,0),(81,6,3092,0),(82,6,3093,0),(83,6,3094,0),(84,6,3095,0),(85,6,3096,0),(86,6,3097,0),(87,6,3098,0),(88,6,3099,0),(89,6,3100,0),(90,6,3101,0),(91,6,3102,0),(92,6,3103,0),(93,6,3104,0),(94,6,3105,0),(95,6,3106,0),(96,6,3107,0),(97,6,3108,0),(98,6,3109,0),(99,7,3110,102),(100,7,10,107),(101,7,3111,0),(102,7,3112,0),(103,7,3113,0),(104,7,3114,0),(105,7,3115,0),(106,7,3116,0),(107,7,3117,0),(108,7,3118,0),(109,7,3119,0),(110,7,3120,0),(111,7,3121,0),(112,7,3122,0),(113,7,3123,0),(114,7,3124,0),(115,7,3125,0),(116,7,3126,16),(117,7,3127,0),(118,7,3128,0),(119,7,3089,0),(120,7,3130,0),(121,7,3131,0),(122,7,3132,0),(123,7,3133,0),(124,7,3134,0),(125,7,3135,0),(126,7,3136,0),(127,7,3137,0),(128,7,3138,0),(129,7,3139,0),(130,7,3140,0),(131,4,3141,0);

--
-- Table structure for table `lists`
--

CREATE TABLE `lists` (
  `list_id` int(10) unsigned NOT NULL AUTO_INCREMENT,
  `path` varchar(500) NOT NULL,
  `name` varchar(500) NOT NULL,
  PRIMARY KEY (`list_id`),
  UNIQUE KEY `path` (`path`)
) ENGINE=InnoDB AUTO_INCREMENT=17 DEFAULT CHARSET=utf8;

--
-- Dumping data for table `lists`
--

INSERT INTO `lists` VALUES (4,'list-of-iits','List of IIT\'s'),(5,'list-of-nits','List of NIT\'s'),(6,'list-of-iiits','List of IIIT\'s'),(7,'list-of-gftis','List of GFTI\'s'),(8,'list-of-top-engineering-colleges-in-rajasthan-','List of Top Engineering Colleges in Rajasthan '),(9,'list-of-top-engineering-colleges-in-maharashtra-','List of Top Engineering Colleges in Maharashtra '),(10,'list-of-top-engineering-colleges-in-karnataka-','List of Top Engineering Colleges in Karnataka '),(11,'list-of-top-engineering-colleges-in-uttar-pradesh-','List of Top Engineering Colleges in Uttar Pradesh '),(12,'list-of-top-engineering-colleges-in-uttarakhand-','List of Top Engineering Colleges in Uttarakhand '),(13,'list-of-top-engineering-colleges-in-delhi-ncr-','List of Top Engineering Colleges in Delhi NCR '),(14,'list-of-highly-ranked-colleges-in-bangalore-','List of Highly Ranked Colleges in Bangalore '),(15,'list-of-colleges-in-pune-','List of Colleges in Pune '),(16,'list-of-top-engineering-colleges-in-chennai-','List of Top Engineering Colleges in Chennai ');

--
-- Table structure for table `news`
--

CREATE TABLE `news` (
  `newsid` int(11) NOT NULL AUTO_INCREMENT,
  `path` varchar(300) NOT NULL,
  `title` varchar(200) NOT NULL,
  `description` varchar(500) NOT NULL,
  `detail` longtext NOT NULL,
  `category` varchar(100) NOT NULL,
  `type` varchar(10) NOT NULL,
  `reference` int(11) NOT NULL,
  `tags` varchar(500) NOT NULL,
  `created` timestamp NOT NULL DEFAULT CURRENT_TIMESTAMP,
  `created_ip` varchar(20) NOT NULL,
  `updated` timestamp NOT NULL DEFAULT CURRENT_TIMESTAMP,
  `updated_ip` varchar(20) NOT NULL,
  PRIMARY KEY (`newsid`),
  UNIQUE KEY `path` (`path`)
) ENGINE=InnoDB AUTO_INCREMENT=241 DEFAULT CHARSET=utf8;

--
-- Dumping data for table `news`
--

INSERT INTO `news` VALUES (3,'a-lesson-from-iit:-computer-science-not-the-only-field-with-opportunities,-says-ex_iit-delhi-director-1673806605','A Lesson from IIT: Computer Science not the only field with opportunities, says ex-IIT Delhi Director','Former IIT Delhi Director V Ramgopal Rao writes, \"most IIT aspirants want to tread the beaten path. They want to pursue computer science and land a job immediately after college. This mentality is hurting innovation and depriving talent for research programmes.\"','[BLOB]','admission','news',11,'JEE','2023-01-15 18:16:45','117.220.122.59','2023-01-15 18:21:43','117.220.122.59'),(6,'bitsat-2023:-exam-date-update-1675417992','BITSAT 2023: EXAM DATE UPDATE','The BITSAT 2023 exam date has been made public by BITS Pilani Phase 1 of The BITSAT 2023 exam will take place from 22 May 2023 to 26 May 2023, and phase 2 will take place from 18 June 2023 to 22 June 2023.','[BLOB]','exam','news',12,'#Exam  #BITSAT #2023 #Student #Date #Update','2023-02-03 09:53:12','14.139.244.114','2023-02-03 12:12:16','1.187.244.83'),(7,'the-candidates-had-demanded-a-postponement-since-they-released-the-exam-dates.-the-7th-of-may-is-the-scheduled-dat-for-neet-2023.-in-2023,-over-17-lakh-applicants-will-take-the-neet-ug-exam-1675418345','NEET PG 2023: POSTPONEMENT DECISION','The candidates had demanded a postponement since they released the exam dates. ','[BLOB]','exam','news',63,'#NEET #ug #exam_postponed #update #exam_date #date #2023 #education #neet #cancell #medical ','2023-02-03 09:59:05','157.38.74.76','2023-02-03 12:07:29','14.139.244.114'),(8,'fmge-result-2023-[released]-1675507040','FMGE Result 2023 [Released]','The result of FMGE that is organized on 20th January 2023 is announced on the official ','[BLOB]','result','news',62,'#RESULT #2023 #FMGE #NBEMS #FMGE_2020','2023-02-04 10:37:20','157.38.79.128','2023-02-04 17:06:04','59.98.225.199'),(9,'data-science-as-a-career-1675597098','Data Science as a Career','','[BLOB]','college-university','articles',0,'#data_science #data_scientist #course #student #scope #datascience #learn #education #India','2023-02-05 11:38:18','14.139.244.114','2024-01-08 16:27:52','59.99.4.133'),(10,'ai-as-a-career-1675758667','AI as a career','What is AI? | scope of AI | what is AI engineering? | how to become an AI engineering?','[BLOB]','college-university','articles',0,'#AI #artificial_intelligence #career #education #2023 #scope #career','2023-02-07 08:31:07','14.139.244.114','2023-06-04 19:24:41','152.58.73.85'),(11,'jee-main-result-2023-session-1-declared--1675764150','JEE Main Result 2023 Session 1 Declared ','JEE Main Result 2023 session 1 is Declared, 20  student obtained 100 percent marks.','[BLOB]','exam','news',1,'#JEE_main #result #jee_main #2023 #jee_main_result #result_declared','2023-02-07 10:02:30','14.139.244.114','2023-02-07 10:04:04','14.139.244.114'),(12,'cbse-board-class-10th-and-12th-exams-2023-started-from-tomorrow-1676367813','CBSE Board Class 10th and 12th Exams 2023 started from tomorrow','The CBSE stated that the theory tests for the CBSE Class 10 and Class 12 Exam Date 2023 would begin on February 15, 2023.','[BLOB]','exam','news',0,'#cbse #board_exams #cbse_exams #10th_exam #12th_exam #education #board ','2023-02-14 09:43:33','157.38.135.77','2023-02-14 09:44:45','157.38.135.77'),(13,'the-rise-of-virtual-learning-1676373015','The Rise of Virtual Learning','What is virtual learning? | What are the disadvantage of Virtual Learning? | What are the advantages of Virtual Learning? ','[BLOB]','school','articles',0,'#virtual_learning\r\n#online_study\r\n#study\r\n#virtual learning','2023-02-14 11:10:15','14.139.244.114','2023-06-04 19:18:22','152.58.73.85'),(14,'jee-(main)-2023-–-session-2-registration-started-from-today.-1676457774','JEE (Main) 2023 – Session 2 registration started from today.','JEE (Main) 2023 – Session 2 registrations is started form today student can apply for their exam on the official website of jeemain.nta.nic.in.','[BLOB]','exam','news',2,'#JEE_Main #Session_2_exam #registration_link #JEE_Main_Apply #education #exam','2023-02-15 10:42:54','14.139.244.114','2023-02-16 11:25:15','14.139.244.114'),(15,'website-designing-1676459772','Website Designing','what is website Designing? | How website are designed?','[BLOB]','college-university','articles',0,'#website_designing','2023-02-15 11:16:12','157.38.117.148','2023-02-25 08:49:14','122.162.148.55'),(16,'du-admission-will-be-only-through-cuet.-1676546921','DU Admission will be only through CUET.','To take admission in DU (Delhi University) candidates have to go through with CUET (Common University Entrance Test).','[BLOB]','admission','news',0,'#delhi_university #DU #CUET #admission #college #university #education ','2023-02-16 11:28:41','14.139.244.114','2023-03-23 17:00:47','152.58.70.34'),(17,'aima-mat-2022-admit-card-for-pbt-is-issued.-1676627899','AIMA MAT 2022 admit card for PBT is issued.','The AIMA Management Aptitude Test (MAT) 2023 admit card is available online on the official website \r\nof mat.aima.in.','[BLOB]','exam','news',0,'#AIMA_MAT #AIMA #admitcard #education #admit_card #2023 #pbt #PBT','2023-02-17 09:58:19','14.139.244.114','2023-02-17 10:40:57','14.139.244.114'),(18,'importance-of-science--1676641798','Importance of Science ','What is Science? | Importance of Science | Scope of Science | Application of Science | Use of Science in modern technology.','[BLOB]','admission','articles',0,'#science #importance_of_Science #technology #AI #Application_of_science','2023-02-17 13:49:58','14.139.244.114','2023-06-04 19:12:38','152.58.73.85'),(19,'ugc-net-2023-admit-card-is-released:-_---1676704461','UGC NET 2023 admit card is Released: -  ','UCG NET (University Grants Commission – National Eligibility Test) December 2022 admit card of Phase – 1 released on the official website of NTA (National Testing Agency).','[BLOB]','exam','news',0,'#UCG_NET #admit_card #2023 #update #education #NTA #Download_admitcard','2023-02-18 07:14:21','157.38.136.41','2023-02-18 07:14:21','157.38.136.41'),(20,'punjab-board-class-12th-exam-starts-from-tomorrow.-1676796954','Punjab Board Class 12th Exam starts from tomorrow.','Exams for the PSEB (Punjab State Electricity Board) Class 12th will begin tomorrow for topics in the science, arts, and commerce streams. On April 21, the 12th grade board exams in Punjab will be over. ','[BLOB]','exam','news',0,'#PSEB #punjab_board #exam #PSEB_class12th_exam #examination #2023 #board_exam #exam_started','2023-02-19 08:55:54','14.139.244.114','2023-02-19 08:55:54','14.139.244.114'),(21,'crpf-admit-card-2023-released-on-the-official-website-of-crpf.gov.in.-1676891669','CRPF admit card 2023 released on the official website of crpf.gov.in.','The CRPF (Central Reserve Police Force) has released the CRPF admit card 2023 and also scheduled the CRPF exam form 22nd Feb to 28th Feb 2023','[BLOB]','exam','news',0,'#admit_card #crpf_admit_card #exam #crpf #2023 #education #examination #Admit_card_2023','2023-02-20 11:14:29','14.139.244.114','2023-02-21 07:53:24','14.139.244.114'),(22,'nstse-result-is-released-at-unifiedcouncil.com.-1676965835','NSTSE Result is released at unifiedcouncil.com.','Today, February 21, 2023, the NSTSE Outcome 2023 was made public on the official website, unifiedcouncil.com. The results of the National Level Scientific Talent Search are available for download by the applicants.','[BLOB]','result','news',0,'#result #nstse #NSTSE_result #result_out #eduction #2023 #update #student\r\n','2023-02-21 07:50:35','14.139.244.114','2023-02-21 07:50:35','14.139.244.114'),(23,'atma-2023-admit-card-released-at-atmaaims.com.-1677066246','ATMA 2023 admit card released at atmaaims.com.','The admit card for ATMA 2023 will be accessible on the official website, atmaaims.com.  The examination will take place on February 25.','[BLOB]','exam','news',0,'#ATMA #admit_card #ATMA_admit_card #education #student #ATMA_2023','2023-02-22 11:44:06','14.139.244.114','2023-02-22 11:44:06','14.139.244.114'),(24,'neet-mds-2023-admit-card-released-at-nbe.edu.in.-1677139391','NEET MDS 2023 admit card released at nbe.edu.in.','NEET MDS 2023 admit is now available at the official website of nbe.edu.in student can get their admit card of their NEET MDS 2023 exam through their login id. ','[BLOB]','exam','news',0,'#admit_card #NEET_MDS #eduction #NEET_MDS_EXAM #exam #NEET_MDS_2023','2023-02-23 08:03:11','14.139.244.114','2023-02-23 08:03:11','14.139.244.114'),(25,'icsi-cs-result-released-at-icsi.edu.-1677320654','ICSI CS Result released at icsi.edu.','ICSI CS Result 2022 is declared on the official website of icsi.edu for CS Executive, CS Professional. Student can download the result through the official website of ICSI.','[BLOB]','result','news',0,'#result #RESULT #ICSI #ICSI_CS #ICSI_RESULT #2023','2023-02-25 10:24:14','14.139.244.114','2023-02-25 10:24:14','14.139.244.114'),(26,'top-two-universities-of-australia-are-curious-about-to-set-up-their-campus-in-india.-1677512649','Top two Universities of Australia are curious about to set up their campus in India.','The International Financial Services Centre’s Authority (IFSCA) and the two higher education institutions are in discussions on establishing separate \"international branch campuses\" in Gujarat\'s GIFT City, close to Gandhinagar.','[BLOB]','college-university','news',0,'#University #IFSCA #Australia_University #education #India #campus','2023-02-27 15:44:09','14.139.244.114','2023-02-27 15:46:20','14.139.244.114'),(27,'jee-main-2023-paper-2-result-is-released.-1677576391','JEE Main 2023 paper 2 Result is released.','NTA (National Testing Agency) has declared the result of JEE Main 2023 Paper 2 Result at the official website of jeemain.nta.nic.in.','[BLOB]','exam','news',2,'#JEE #JEE_MAIN #paper2 #NTA #national_testing_agency #BArch #BPlanning #Result ','2023-02-28 09:26:31','14.139.244.114','2023-02-28 09:26:31','14.139.244.114'),(28,'bhu-school-admission-2023-started.-1677660972','BHU School Admission 2023 Started.','The BHU school admission process for 2023 is being conducted online at bhuonline.in, the official BHU website. Up to March 30, 2023, prospective students may submit their applications.','[BLOB]','admission','news',0,'#bhu #banaras_hindu_university #Bhu_entrance_exam_2023 #Entrance_exam #Admission_started','2023-03-01 08:56:12','14.139.244.114','2023-03-01 08:56:12','14.139.244.114'),(29,'difference-between-mba-and-pgdm-courses.-1677672565','Difference between MBA and PGDM Courses.','About MBA course | About PGDM Course | Eligibility criteria for MBA and PGDM | which one if better MBA or PGDM | Difference between MBA and PGDM.','[BLOB]','college-university','articles',0,'#MBA #PGDM #mbaadmission #pgdmadmission #directadmission #topcollege #topmbacollege #toppgdmcollege','2023-03-01 12:09:25','14.139.244.114','2023-06-04 19:05:30','152.58.73.85'),(30,'aims-atma-2023-result-is-declared-1677833394','AIMS ATMA 2023 result is declared','AIMS ATMA result of 2023 is declared at the official website of atmaaims.com. Student can check their result on March 3rd 2023.','[BLOB]','exam','news',0,'#result #Result_declared #AIMS_ATMA #AIMS','2023-03-03 08:49:54','14.139.244.114','2023-03-03 08:56:00','14.139.244.114'),(31,'ctet-2023-result-is-declared.-1677921270','CTET 2023 Result is declared.','CTET 2023 result is declared on the official website of CTET, candidates can check their result at ctet.nic.in.','[BLOB]','result','news',0,'#result #result_declared #CTET #CTER_Result_Declared #ctet_2023','2023-03-04 09:14:30','14.139.244.114','2023-03-04 09:14:30','14.139.244.114'),(32,'neet-undergraduate-2023-application-form-released.-1678175851','NEET Undergraduate 2023 Application form released.','NTA (National Testing Agency) has released the application form of NEET UG 2023 at no official website of neet.nta.nic.in.','[BLOB]','admission','news',62,'#NEET_UG #NEET #NEET_application_form #neetug2023 #NEET_APPLICATION_FORM','2023-03-07 07:57:31','14.139.244.114','2023-03-07 15:24:35','14.139.244.114'),(33,'ugc-net-december-2023-phase-–-4-admit-card-is-released-1678257816','UGC NET December 2023 Phase – 4 Admit card is Released','UCG NET December 2023 Phase – 4 Admit card is released on 7th March 2023 on the official website of ucgnet.nta.in.','[BLOB]','admit-card','news',0,'#UGC_NET #Phase_4_admitcard #admitcard #nta #UGC_NET_ADMIT_CARD','2023-03-08 06:43:36','14.139.244.114','2023-03-08 06:43:36','14.139.244.114'),(34,'ugc-net-december-2022-phase-–-5-admit-card-released.-1678428543','UGC NET December 2022 Phase – 5 Admit Card released.','UGC NET December 2023 Phase – 5 Admit Card released at the official website of UGC NET – ugcnet.nta.nic.in.','[BLOB]','admit-card','news',0,'#UGC_NET #NTA #ADMIT_CARD #phase_5_admit_card #ugcnetadmitcard','2023-03-10 06:09:03','14.139.244.114','2023-03-10 06:09:03','14.139.244.114'),(35,'nift-2023-result-is-declared.-1678513102','NIFT 2023 Result is declared.','NIFT 2023 result is declared the official website of nift.ac.in. Candidates who appeared in the NIFT General Ability Test (GAT) can get their Result.','[BLOB]','result','news',0,'#result #NIFT_2023 #nift_2023_result #nift_gat','2023-03-11 05:38:22','157.38.129.4','2023-03-11 05:38:22','157.38.129.4'),(36,'assam-cee-2023-registration-starts-from-tomorrow.-1678704283','Assam CEE 2023 registration starts from tomorrow.','Assam CEE 2023 registration starts from tomorrow, students who wants to appear in the examination can register their form from tomorrow at the official website – atsu.ac.in.','[BLOB]','application','news',0,'#assam_CEE #cee2023 #registration_started #assam_cee_2023 ','2023-03-13 10:44:43','157.38.133.65','2023-03-13 10:44:43','157.38.133.65'),(37,'lic-aao-mains-2023-admit-card-is-released.-1678870580','LIC AAO Mains 2023 admit card is released.','LIC AAO Mains 2023 admit card is released at the official website on – ibpsonline.ibps.in. Candidates who applied for LIC AAO Mains 2023 can download their admit card.','[BLOB]','admit-card','news',0,'#LIC_AAO #admit_card #lic_aao_2023 #AAO_admit_card','2023-03-15 08:56:20','157.38.69.20','2023-03-15 08:56:20','157.38.69.20'),(38,'gate-2023-result-is-declared.-1678972766','GATE 2023 Result is Declared.','GATE 2023 Result is declared at the official website of gate.iitk.ac.in. Candidates who participated in exam can check their result.','[BLOB]','result','news',0,'#GATE #GATE_RESULT #gate_result_2023 #exam #result','2023-03-16 13:19:26','157.38.66.69','2023-03-23 16:45:28','152.58.70.15'),(39,'andhra-pradesh-aposs-10th-and-12th-admit-card-is-released.-1679298821','Andhra Pradesh APOSS 10th and 12th Admit Card is released.','Andhra Pradesh APOSS 10th and 12th Admit Card is released at the official website of apopenschool.ap.gov.in. Students who registered for the exam can download their admit card.','[BLOB]','admit-card','news',0,'#APOSS #aposs_2023 #admitcard #apossadmitcard','2023-03-20 07:53:41','14.139.244.114','2023-03-23 16:45:22','152.58.72.249'),(40,'bihar-board-12th-result-2023-is-released.-1679383251','Bihar Board 12th Result 2023 is Released:','Bihar Board 12th Result 2023 is released at the official website of biharboardonline.bihar.gov.in. Students who are participated in examination can check their result now.','[BLOB]','result','news',0,'#bihar_board #result #class_12th_result #biharboardclass12result','2023-03-21 07:20:51','14.139.244.114','2023-03-23 16:40:04','152.58.72.249'),(41,'what-students-have-to-do-after-board-exams?-1679731243','What students have to do after board exams?','What students have to do after board exams?|How to identify the best courses after the board exam?|Why students have to choose admission counsellor for their admission? - Top counsellor','[BLOB]','admission, exam','articles',0,'#endofboardexam #boardexamcompleted #newsession #admission','2023-03-25 08:00:43','14.139.244.114','2023-06-04 18:56:44','152.58.73.85'),(42,'jee-main-2023-session-2-exam-starts-form-tomorrow.-1680700955','JEE Main 2023 session 2 exam starts form tomorrow.','JEE Main 2023 session 2 exam start from tomorrow which are scheduled on 6th, 8th, 10th, 11t, 12th, 13th and 15th April. Students can check the update and download their admit cards.','[BLOB]','exam','news',2,'#JEE_Main #jeemain2023session2 #session2 #JEE_Main_2023_Session_2','2023-04-05 13:22:35','14.139.244.114','2023-04-05 13:23:22','14.139.244.114'),(43,'neet-_-ug-2023-re-_-opening-of-registration-form.-1681216788','NEET - UG 2023 re - opening of registration form.','NEET – UG 2023 registration form is re – open for all the candidates who could not completed their registration as well as for all candidates who wants to apply for NEE –UG 2023.','[BLOB]','application','news',62,'#NEET_UG #neet_ug_2023 #registration_form #reopening_registration_form','2023-04-11 12:39:48','14.139.244.114','2023-04-11 12:47:06','157.38.38.115'),(44,'cmat-–-2023-exam-date-and-schedule-released.-1681991725','CMAT – 2023 exam date and schedule released.','National Testing Agency (NTA) has announced the exam date and schedule for Common Management Admission Test (CMAT - 2023).','[BLOB]','exam','news',72,'#exam_date #cmat_2023 #NTA #CMAT_Exam_date','2023-04-20 11:55:25','157.38.235.120','2023-04-20 11:56:39','157.38.235.120'),(45,'up-board-class-10th-&-12th-2023-result-declared.-1682420248','UP Board Class 10th & 12th 2023 Result Declared.','Utter Pradesh Madhyamik Shiksha Parishad (UPMSP) has declared the result of UP Board class 10th and 12th on the official website.','[BLOB]','result','news',0,'#up_board #result #class_10th_result #class_12th_result #up_board_result_2023','2023-04-25 10:57:28','152.58.72.226','2023-04-25 10:57:28','152.58.72.226'),(46,'viteee-2023-result-declared.-1682504442','VITEEE 2023 Result Declared.','Vellore Institute of Technology has declared the result of VITEEE on the official website students who enroll in entrance exam can check their result.','[BLOB]','result','news',0,'#VITEEE_RESULT #viteee #result_out #2023 #viteee_result_out','2023-04-26 10:20:42','14.139.244.114','2023-04-26 10:20:42','14.139.244.114'),(47,'jee-main2023-session-2-result-declared.-1682744586','JEE Main2023 Session 2 Result Declared.','National Testing Agency (NTA) has declared the result of JEE Main 2023 Session 2 on the official website of jeemain.nta.nic.in. ','[BLOB]','result','news',2,'#jee_main-result #jeemainresultdeclared #jee_main #result_out #2023','2023-04-29 05:03:06','14.139.244.114','2023-04-29 05:03:06','14.139.244.114'),(48,'how-to-utilize-summer-vacation-as-a-college-student?-1682857865','How to utilize summer vacation as a college student?','Best ideas for the students to utilize their vacation in effective and good way through which they get more skills and became more smart.','[BLOB]','college-university','articles',0,'#summer_vacation #holiday #summer_break','2023-04-30 12:31:05','14.139.244.114','2023-06-04 18:43:44','152.58.73.85'),(49,'gujcet-2023-result-declared.-1683028070','GUJCET 2023 Result Declared.','Gujarat Common Entrance Test (GUJCET) 2023 has announced the result students who are enroll in the exam can check their result. ','[BLOB]','result','news',0,'#result_out #GUJCET_2023_Result #GUJCET2023 #resultdeclared','2023-05-02 11:47:50','14.139.244.114','2023-05-02 11:47:50','14.139.244.114'),(50,'neet-admit-card-2023-released.-1683263963','NEET Admit Card 2023 Released.','National Testing Agency has released the NEET 2023 Admit Card at the official website neet.nta.nic.in. Students who enrolled can download their Admit Card. ','[BLOB]','admit-card','news',62,'#NEET_admit_card #neetadmitcard2023 #neet #neet2023 #admitcard','2023-05-05 05:19:23','14.139.244.114','2023-06-04 19:41:46','152.58.72.131'),(51,'which-is-better?-choosing-diploma-after-10th-or-b.-tech-after-12-1683436394','Which is better? Choosing Diploma after 10th or B.Tech after 12th','After completing the 10th or 12th grade, choosing the correct professional choice can be challenging. Choosing between a certificate course after the 10th grade and a B. Tech degree after the 12th grade is one of the most frequent decisions that students have to make. Both choices offer advantages and disadvantages, thus the choice should ultimately depend on the person\'s interests, professional objectives, and educational background.','[BLOB]','college-university','articles',0,'#diploma #btech #engineering #career','2023-05-07 05:13:14','157.38.122.95','2023-06-04 18:42:04','152.58.73.85'),(52,'neet-ug-2023-exam-today.-1683440785','NEET UG 2023 Exam Today.','NEET UG 2023 Exam will be held today all the updates and information are mentioned in this article.','[BLOB]','exam','news',62,'#neet #NEET_UG #neet2023 #exam','2023-05-07 06:26:25','157.38.122.95','2023-06-04 19:41:03','152.58.72.131'),(53,'cbse-class-12-2023-result-declared.-1683874226','CBSE Class 12 2023 Result Declared.','CBSE has announced the result of class 12 2023 on the official website of cbse.gov.in. Student who participated in examination can check their result.','[BLOB]','result','news',0,'#cbseresult #class12result #cbse_class_12_result #result #result_out #cbse_2023','2023-05-12 06:50:26','14.139.244.114','2023-06-04 19:40:29','152.58.72.131'),(54,'haryana-board-class-12th-2023-result-is-declared.-1684153208','Haryana Board Class 12th 2023 Result is declared.	','HBSE (Haryana Board of Secondary Education) has announced the class 12th result at the official website bseh.org.in.','[BLOB]','result','news',0,'#Haryana_Board #result #HBSE #class_12th_result #HBSE_result_out','2023-05-15 12:20:08','157.38.58.31','2023-06-04 19:38:20','152.58.72.131'),(55,'maharashtra-class-10th-2023-result-is-declared.-1685689097','Maharashtra class 10th 2023 Result is declared.','Maharashtra class 10th 2023 Result is declared at the official website of mahresult.nic.in. Students who enroll in examination can check their result.','[BLOB]','result','news',0,'#class_10_result #result_out #Maharastra_borad #Maharashtra_Board_SSC_Result_2023 ','2023-06-02 06:58:17','223.226.173.202','2023-06-04 19:36:50','152.58.72.131'),(56,'rajasthan-board-class-10th-2023-result-out.-1685720017','Rajasthan Board Class 10th 2023 result out.','Rajasthan Board has declared the result of class 10th 2023. Students who are participated in exam can check their result on the official website of rajeduboard.rajasthan.gov.in.','[BLOB]','result','news',0,'#rajasthan_class_10th_result #class_10th_result #result #result_out #RBSE','2023-06-02 15:33:37','223.226.173.202','2023-06-04 19:47:07','152.58.73.85'),(57,'skills-required-for-the-students-in-current-scenario-1685793801','Skills required for the students in current scenario','what are the skills required for the students? and thing which students have to do for increasing their technical and grooming skills.','[BLOB]','college-university','articles',0,'#skills #technical_skills #grooming #students #skillsforstudents','2023-06-03 12:03:21','157.35.25.48','2023-06-04 18:40:15','152.58.73.85'),(58,'maharashtra-cet-mba-2023-result-is-declared.-1685867974','Maharashtra CET MBA 2023 result is declared.','Maharashtra CET MBA result is declared at the official website of mbacet2023.mahacet.org. Students who are participated in the exam can check and download their result.','[BLOB]','exam','news',0,'#MAH_CET #result #result_2023 #Maharashtra_CET_MBA_RESULT #admission ','2023-06-04 08:39:34','157.35.25.101','2023-06-04 19:32:26','152.58.73.85'),(59,'csir-net-2023-admit-card-is-released.-1685869666','CSIR NET 2023 admit card is released.','NTA (National Testing Agency) has released the admit card of CSIR NET. Students who enroll can download their admit card on the official website.','[BLOB]','admit-card','news',0,'#NTA #CSIR_NET_Admit_Card #admit_card #csir_net_admit_card_2023','2023-06-04 09:07:46','157.35.25.101','2023-06-04 19:30:21','152.58.73.85'),(60,'tripura-board-class-10th-&-12th-result-is-declared.-1685949117','Tripura Board Class 10th & 12th Result is declared.','TBSE (Tripura Board of Secondary Education) has declared class 10th and 12th result at the official website of tbresults.tripura.gov.in. Student who participated in the exam can check their result.','[BLOB]','result','news',0,'#tbse #tbse_class_10_result #tbse_class_12th_result #tripura_board #result_out #result_of_tripura','2023-06-05 07:11:57','223.235.224.14','2023-06-05 18:02:26','223.235.224.14'),(61,'does-social-media-helps-the-students-in-their-studies?-1685956352','Does social media helps the students in their studies?','Exploring the Impact of Social Media on Students\' Studies: Pros, Cons, and Responsible Usage, conclusion. ','[BLOB]','college-university','articles',0,'#social_media #effect_of_social_media #pros_of_social_media #effect_on_students #students #study #education','2023-06-05 09:12:32','223.235.224.14','2023-06-05 09:19:03','223.235.224.14'),(62,'assam-class-12th-result-2023-has-declared.-1686036731','Assam class 12th result 2023 has declared.','AHSEC (Assam Higher Secondary Education Council) has declared the result of class 12th at the official website of ahsec.assam.gov.in. Students who appeared in exam can check their result.','[BLOB]','exam','news',0,'#class_12th_result #assam_class_12th_result #result_out #AHSEC #assam_board','2023-06-06 07:32:11','223.235.224.14','2023-06-06 07:33:10','223.235.224.14'),(63,'jee-advance-2023-result-is-declared.-1687156810','JEE Advance 2023 Result is declared.','JEE Advance 2023 result is declared at the official website of www.jeeadv.ac.in. Students who appeared in the exam can check their result.','[BLOB]','exam','news',11,'#JEE_Advance #result_out #jee_advance_2023_result_out #Jee_advance_result_out #result_declared #resutl #engineering','2023-06-19 06:40:10','171.48.50.168','2023-06-19 06:43:09','171.48.50.168'),(64,'jkbose-class-10th-2023-result-declared.-1687186276','JKBOSE Class 10th 2023 Result Declared.','JKBOSE (Jammu and Kashmir Board of School Education) has declared the class 10th 2023 result at the official website www.jkbose.nic.in. Students who appeared in exam can check their result.','[BLOB]','result','news',0,'#JKBOSE #JKBOSE_10th_result_out #result_out #J&K_class_10th_result_out #result ','2023-06-19 14:51:16','171.48.50.168','2023-06-19 14:52:31','171.48.50.168'),(65,'theoretical-education-v~s-practical-education-1687268623','Theoretical Education V/S Practical Education','Theoretical Education V/S Practical Education | Benefits | Conclusion - Top_counsellor','[BLOB]','college-university','articles',0,'#education #knowledge #Theory #practical #Theoretical_Education #Practical_Education','2023-06-20 13:43:43','110.226.92.238','2023-06-20 13:43:43','110.226.92.238'),(66,'the-impact-of-admission-counsellors-in-unlocking-the-doors-to-dream-colleges.-1687337832','The Impact of Admission Counsellors in Unlocking the Doors to Dream Colleges.','Importance of Admission Counsellor. | How admission counsellor helps the students to get admission in their colleges. | Benefits of Admission counsellor - Top_Counsellor.','[BLOB]','admission','articles',0,'#admission_counsellor #top_counsellor #admission #colleges #students #education #university','2023-06-21 08:57:12','110.226.92.238','2023-06-21 08:57:12','110.226.92.238'),(67,'icar-aieea-2023-application-ends-tomorrow.-1687418293','ICAR AIEEA 2023 application ends tomorrow.','ICAR AIEEA 2023 application ends tomorrow on 23rd June 2023. Students who want to attempt ICAR AIEEA can fill the form by tomorrow.','[BLOB]','application','news',0,'#ICAR_AIEEA #ICAR_AIEEA_last_date #ICARAIEEA2023applicationform #ICAR_AIEEA_APPLICATION','2023-06-22 07:18:13','110.226.92.238','2023-06-22 07:18:13','110.226.92.238'),(68,'cuet-pg-2023-admit-card-is-issued-at-cuet.nta.nic.in.-1687440709','CUET PG 2023 admit card is issued at cuet.nta.nic.in.','The NTA rescheduled CUET PG 2023 exams for left-out students and stated that they will be held from June 22 to June 30.','[BLOB]','admit-card','news',0,'#cuet_pg_2023 #admitcard #admit_card #CUET_PG_ADMIT_CARD #cuet_admitcard','2023-06-22 13:31:49','110.226.92.238','2023-06-22 13:32:31','110.226.92.238'),(69,'the-importance-of-college-education.-1687509904','The Importance of College Education.','','eyJ0aW1lIjoxNjg3NTA5OTAyMDMzLCJibG9ja3MiOlt7InR5cGUiOiJpbWFnZSIsImRhdGEiOnsiZmlsZSI6eyJ1cmwiOiJodHRwczovL3RvcGNvdW5zZWxsb3IuczMuYXAtc291dGgtMS5hbWF6b25hd3MuY29tL2ltZ3MvZ2FsbGVyeS90b3Bjb3Vuc2VsbG9yLWltYWdlODg2MS0xNjg3NTA5ODUxLnBuZyJ9LCJjYXB0aW9uIjoiIiwid2l0aEJvcmRlciI6ZmFsc2UsInN0cmV0Y2hlZCI6ZmFsc2UsIndpdGhCYWNrZ3JvdW5kIjpmYWxzZX19LHsidHlwZSI6InBhcmFncmFwaCIsImRhdGEiOnsidGV4dCI6IkEgY29sbGVnZSBkZWdyZWUgaGFzIGJlY29tZVxuaW5jcmVhc2luZ2x5IGltcG9ydGFudCBpbiB0b2RheSdzIGZhc3QtcGFjZWQgYW5kIGNvbXBldGl0aXZlIGVudmlyb25tZW50LiBXaGlsZVxudGhlIGRlY2lzaW9uIHRvIHNlZWsgaGlnaGVyIGVkdWNhdGlvbiBpcyBlbnRpcmVseSBwZXJzb25hbCwgdGhlcmUgYXJlIHZhcmlvdXNcbnJlYXNvbnMgd2h5IGludmVzdGluZyBpbiBhIGNvbGxlZ2UgZGVncmVlIGNhbiBoYXZlIGEgc3Vic3RhbnRpYWwgaW1wYWN0IG9uIGFuXG5pbmRpdmlkdWFsJ3MgbGlmZSBhbmQgam9iIHByb3NwZWN0cy4gVGhlIGJlbmVmaXRzIG9mIGEgY29sbGVnZSBkZWdyZWUgYXJlXG5ldmlkZW50LCByYW5naW5nIGZyb20gaW5jcmVhc2VkIHdvcmsgcHJvc3BlY3RzIHRvIHBlcnNvbmFsIGdyb3d0aCBhbmRcbmRldmVsb3BtZW50LiJ9fSx7InR5cGUiOiJwYXJhZ3JhcGgiLCJkYXRhIjp7InRleHQiOiJGaXJzdCBhbmQgZm9yZW1vc3QsIGEgY29sbGVnZVxuZWR1Y2F0aW9uIHByb3ZpZGVzIGFjY2VzcyB0byBhIGJyb2FkZXIgY2hvaWNlIG9mIHByb2Zlc3Npb25hbCBvcHRpb25zLiBBXG5iYWNoZWxvcidzIGRlZ3JlZSBoYXMgYmVjb21lIHRoZSBtaW5pbWFsIHJlcXVpcmVkIGZvciBlbnRyeS1sZXZlbCB3b3JrIGluXG5zZXZlcmFsIGluZHVzdHJpZXMuIEVtcGxveWVycyBmcmVxdWVudGx5IHdhbnQgYXBwbGljYW50cyB3aXRoIGFkdmFuY2VkIGRlZ3JlZXNcbmJlY2F1c2UgdGhleSBiZWxpZXZlIHRoZXkgaGF2ZSBhZHZhbmNlZCBrbm93bGVkZ2UsIGNyaXRpY2FsIHRoaW5raW5nIGFiaWxpdGllcyxcbmFuZCB0aGUgYWJpbGl0eSB0byBhZGFwdCB0byBuZXcgY2lyY3Vtc3RhbmNlcy4gU3RhdGlzdGljcyBjb25zdGFudGx5IHNob3cgdGhhdFxuY29sbGVnZSBncmFkdWF0ZXMgb3V0bnVtYmVyIHRob3NlIHdpdGggbWVyZWx5IGEgaGlnaCBzY2hvb2wgZWR1Y2F0aW9uIGluIHRlcm1zXG5vZiBlbXBsb3ltZW50IGFuZCBlYXJuaW5ncy4gSW5kaXZpZHVhbHMgd2l0aCBhIGJhY2hlbG9yJ3MgZGVncmVlIGVhcm4gNjclIG1vcmVcbm92ZXIgdGhlaXIgY2FyZWVyIHRoYW4gaGlnaCBzY2hvb2wgZ3JhZHVhdGVzLCBhY2NvcmRpbmcgdG8gdGhlIFUuUy4gQnVyZWF1IG9mXG5MYWJvdXIgU3RhdGlzdGljcy4gQXMgYSByZXN1bHQsIGEgY29sbGVnZSBlZHVjYXRpb24gZGVsaXZlcnMgYSBodWdlIGVjb25vbWljXG5hZHZhbnRhZ2UgYW5kIG1vcmUgZmluYW5jaWFsIHN0YWJpbGl0eS4ifX0seyJ0eXBlIjoicGFyYWdyYXBoIiwiZGF0YSI6eyJ0ZXh0IjoiRnVydGhlcm1vcmUsIGNvbGxlZ2UgcHJvdmlkZXMgYVxudW5pcXVlIGVudmlyb25tZW50IGZvciBwZXJzb25hbCBkZXZlbG9wbWVudCBhbmQgcHJvZ3Jlc3MuIEl0IHByb3ZpZGVzIGFcbnBsYXRmb3JtIGZvciBwZW9wbGUgdG8gZXhwbG9yZSB0aGVpciBob2JiaWVzLCBpbXByb3ZlIHRoZWlyIHBlcnNwZWN0aXZlcywgYW5kXG5sZWFybiB2YWx1YWJsZSBsaWZlIHNraWxscy4gQ29sbGVnZSBzdHVkZW50cyBsZWFybiBzaWduaWZpY2FudCBpbnRlcnBlcnNvbmFsIHNraWxscyxcbmNyaXRpY2FsIHRoaW5raW5nIGFiaWxpdGllcywgYW5kIHByb2JsZW0tc29sdmluZyBhcHByb2FjaGVzIHRocm91Z2hcbmludGVyYWN0aW9ucyB3aXRoIHZhcmlvdXMgcGVlcnMsIGV4cG9zdXJlIHRvIG5ldyBjdWx0dXJlcyBhbmQgdmlld3MsIGFuZFxucGFydGljaXBhdGlvbiBpbiBleHRyYWN1cnJpY3VsYXIgYWN0aXZpdGllcy4gVGhlc2UgYWJpbGl0aWVzIGFyZSB0cmFuc3BvcnRhYmxlXG5hbmQgcmVsZXZhbnQgaW4gYSB2YXJpZXR5IG9mIHNpdHVhdGlvbnMsIGluY2x1ZGluZyBlZmZlY3RpdmUgY29tbXVuaWNhdGlvbixcbnRlYW13b3JrLCBhbmQgbGVhZGVyc2hpcC4gQ29sbGVnZSBhbHNvIGFsbG93cyBmb3Igc2VsZi1kaXNjb3ZlcnkgYW5kIHBlcnNvbmFsXG5pbnRyb3NwZWN0aW9uLCBhc3Npc3Rpbmcgc3R1ZGVudHMgaW4gZGVmaW5pbmcgdGhlaXIgYmVsaWVmcywgcGFzc2lvbnMsIGFuZFxubG9uZy10ZXJtIGFzcGlyYXRpb25zLiBQZXJzb25hbCBncm93dGggb2YgdGhpcyBuYXR1cmUgbm90IG9ubHkgYWRkcyB0b1xuaW5kaXZpZHVhbCBzdWNjZXNzLCBidXQgYWxzbyBwcm9kdWNlcyB3ZWxsLXJvdW5kZWQgYW5kIHNvY2lhbGx5IHJlc3BvbnNpYmxlXG5wZW9wbGUuIn19LHsidHlwZSI6InBhcmFncmFwaCIsImRhdGEiOnsidGV4dCI6IkZ1cnRoZXJtb3JlLCBhIGNvbGxlZ2UgZGVncmVlXG5mb3N0ZXJzIGludGVsbGVjdHVhbCBjdXJpb3NpdHkgYW5kIGxpZmVsb25nIGxlYXJuaW5nLiBTdHVkZW50cyBhcmUgZXhwb3NlZCB0byBhXG5kaXZlcnNlIHJhbmdlIG9mIGNvdXJzZXMgYW5kIGRpc2NpcGxpbmVzIGJ5IGltbWVyc2luZyB0aGVtc2VsdmVzIGluIGRlbWFuZGluZ1xuYWNhZGVtaWMgcHJvZ3JhbW1lcy4gVGhpcyBleHBvc3VyZSBhbGxvd3MgaW5kaXZpZHVhbHMgdG8gYnJvYWRlbiB0aGVpclxua25vd2xlZGdlIGJhc2UgYW5kIGdhaW4gc3BlY2lhbGlzZWQgZXhwZXJpZW5jZSBpbiB0aGVpciBjaG9zZW4gaW5kdXN0cmllcy5cbkNyaXRpY2FsIHRoaW5raW5nLCByZXNlYXJjaCBza2lsbHMsIGFuZCB0aGUgYWJpbGl0eSB0byBhbmFseXNlIGNvbXBsZXggaW5mb3JtYXRpb25cbmFyZSBhbGwgZW5jb3VyYWdlZCBpbiBjb2xsZWdlIGVkdWNhdGlvbi4gU3R1ZGVudHMgbGVhcm4gdG8gdGhpbmsgY3JpdGljYWxseSxcbmFzc2VzcyBmYWN0cywgYW5kIG1ha2UgaW5mb3JtZWQganVkZ2VtZW50cy4gVGhlc2UgYWJpbGl0aWVzIGFyZSBleHRyZW1lbHlcbnNpZ25pZmljYW50IGluIHRvZGF5J3MgaW5mb3JtYXRpb24gYWdlLCB3aGVyZSB0aGUgY2FwYWNpdHkgdG8gbmF2aWdhdGUgaHVnZVxuYW1vdW50cyBvZiBkYXRhIGFuZCBkaXN0aW5ndWlzaCByZWxpYWJsZSBzb3VyY2VzIGlzIGNyaXRpY2FsLiBGdXJ0aGVybW9yZSxcbmNvbGxlZ2UgZ3JhZHVhdGVzIGFyZSBtb3JlIGxpa2VseSB0byBlbmdhZ2UgaW4gY29udGludWluZyBsZWFybmluZyBhbmRcbnByb2Zlc3Npb25hbCBkZXZlbG9wbWVudCB0aHJvdWdob3V0IHRoZWlyIGNhcmVlcnMsIGtlZXBpbmcgdXAgd2l0aCBpbm5vdmF0aW9uc1xuaW4gdGhlaXIgaW5kdXN0cmllcy4ifX0seyJ0eXBlIjoicGFyYWdyYXBoIiwiZGF0YSI6eyJ0ZXh0IjoiRnVydGhlcm1vcmUsIGNvbGxlZ2UgY2FtcHVzZXMgYXJlXG5hbiBleGNlbGxlbnQgcGxhY2UgdG8gbmV0d29yayBhbmQgbWFrZSBjYXJlZXIgY29ubmVjdGlvbnMuIENhcmVlciBmYWlycyxcbm5ldHdvcmtpbmcgZXZlbnRzLCBhbmQgaW50ZXJuc2hpcCBwcm9ncmFtbWVzIGFyZSBmcmVxdWVudGx5IGhlbGQgYXRcbnVuaXZlcnNpdGllcyB0byBsaW5rIHN0dWRlbnRzIHdpdGggaW5kdXN0cnkgcHJvZmVzc2lvbmFscyBhbmQgcG9zc2libGVcbmVtcGxveWVycy4gVGhlc2UgY2hhbmNlcyBwcm9tb3RlIHRoZSBmb3JtYXRpb24gb2YgcHJvZmVzc2lvbmFsIHBhcnRuZXJzaGlwcyxcbm1lbnRvcnNoaXBzLCBhbmQgY2FyZWVyIG9wcG9ydHVuaXRpZXMuIENvbGxlZ2UgYWx1bW5pIG5ldHdvcmtzIGNhbiBhbHNvIHByb3ZpZGVcbmNydWNpYWwgY2FyZWVyIGd1aWRhbmNlLCBqb2IgcmVmZXJyYWxzLCBhbmQgb25nb2luZyBzdXBwb3J0LiBCdWlsZGluZyBhIHN0cm9uZ1xucHJvZmVzc2lvbmFsIG5ldHdvcmsgd2hpbGUgaW4gY29sbGVnZSBjYW4gZ3JlYXRseSBpbmNyZWFzZSBlbXBsb3ltZW50XG5vcHBvcnR1bml0aWVzIGFuZCBvZmZlciBkb29ycyB0byBpbnRlcm5zaGlwcywgZW50cnktbGV2ZWwgcm9sZXMsIGFuZCBldmVuXG5lbnRyZXByZW5ldXJpYWwgdmVudHVyZXMuIn19LHsidHlwZSI6InBhcmFncmFwaCIsImRhdGEiOnsidGV4dCI6IkZpbmFsbHksIGEgY29sbGVnZSBkZWdyZWUgaGVscHNcbnRvIGFkdmFuY2Ugc29jaWV0eSBhbmQgdGhlIGVjb25vbXkuIENvbGxlZ2VzIGFuZCB1bml2ZXJzaXRpZXMgcGxheSBhbiBpbXBvcnRhbnRcbnBhcnQgaW4gc29jaWFsIGFkdmFuY2VtZW50IHRocm91Z2ggcmVzZWFyY2gsIGlubm92YXRpb24sIGFuZCBrbm93bGVkZ2VcbmdlbmVyYXRpb24uIFRoZXkgc2VydmUgYXMgaW50ZXJjaGFuZ2UgcG9pbnRzIGZvciBpZGVhcywgdGVjaG5vbG9naWNhbCBhZHZhbmNlcyxcbmFuZCBjdWx0dXJhbCBlbnJpY2htZW50LiBDb2xsZWdlIGdyYWR1YXRlcyBhcmUgZnJlcXVlbnRseSB0cmFuc2Zvcm1lZCBpbnRvXG5sZWFkZXJzLCBlbnRyZXByZW5ldXJzLCByZXNlYXJjaGVycywgYW5kIHByb2Zlc3Npb25hbHMgd2hvIHByb21vdGUgaW5ub3ZhdGlvbixcbmNvbnRyaWJ1dGUgdG8gZWNvbm9taWMgZGV2ZWxvcG1lbnQsIGFuZCBhZGRyZXNzIHNvY2lldGFsIGlzc3Vlcy4gSW52ZXN0aW5nIGluXG5oaWdoZXIgZWR1Y2F0aW9uIGlzIHRodXMgYW4gaW52ZXN0bWVudCBpbiBhIG5hdGlvbidzIGZ1dHVyZSwgc2luY2UgaXQgZm9zdGVycyBhXG50cmFpbmVkIHdvcmtmb3JjZSwgcHJvbW90ZXMgc29jaWFsIG1vYmlsaXR5LCBhbmQgZnVlbHMgZWNvbm9taWMgc3VjY2Vzcy4ifX0seyJ0eXBlIjoicGFyYWdyYXBoIiwiZGF0YSI6eyJ0ZXh0IjoiRmluYWxseSwgdGhlIHZhbHVlIG9mIGEgY29sbGVnZVxuZGVncmVlIGNhbm5vdCBiZSBlbXBoYXNpemVkLiBJdCBnaXZlcyBwZW9wbGUgYSBjb21wZXRpdGl2ZSBhZHZhbnRhZ2UgaW4gdGhlXG5sYWJvciBtYXJrZXQsIGVuY291cmFnZXMgcGVyc29uYWwgZ3Jvd3RoIGFuZCBkZXZlbG9wbWVudCwgZW5oYW5jZXMgY3JpdGljYWxcbnRoaW5raW5nIGFiaWxpdGllcywgcHJvbW90ZXMgbGlmZWxvbmcgbGVhcm5pbmcsIGZhY2lsaXRhdGVzIG5ldHdvcmtpbmcgYW5kIHByb2Zlc3Npb25hbFxuY29udGFjdHMsIGFuZCBjb250cmlidXRlcyB0byBzb2NpZXRhbCBhZHZhbmNlbWVudC4ifX1dLCJ2ZXJzaW9uIjoiMi4xOC4wIn0=','college-university','articles',0,'#college #university #students #college_education #needs_of_college_education','2023-06-23 08:45:04','106.215.115.190','2023-06-23 08:45:04','106.215.115.190'),(70,'a-career-in-ai-with-machine-learning.-1687593873','A Career in AI with Machine Learning.','A Career in AI with Machine Learning | Scopes | Advantages | Jobs | and Career Path – Top_counsellor.','[BLOB]','college-university','articles',0,'#AI #Career_in_AI #AI_with_Machine_Learning #Education #career #student #study','2023-06-24 08:04:33','106.215.115.190','2023-06-24 08:04:33','106.215.115.190'),(72,'jee-advanced-aat-2023-result-declared.-1687617441','JEE Advanced AAT 2023 result declared.','JEE Advanced Architecture Aptitude Test (AAT) 2023 was declared at the official website www.jeeadv.ac.in. Students who appeared in the exam can check their result.','[BLOB]','result','news',0,'#JEE_Advance #JEE_Advance_AAT #result_out #JEE_result #NTA #IIT','2023-06-24 14:37:21','106.215.115.190','2023-06-24 14:51:56','106.215.115.190'),(73,'otet-2023-admit-card-is-released.-1687676642','OTET 2023 admit card is released.','Board of Secondary Education (BSE) Odisha has released the admit card of OTET (Odisha Teacher Eligibility Test) 2023 on the official website www.bseodisha.ac.in. ','[BLOB]','admit-card','news',0,'#OTET #admit_card_out #BSE_odisha #admitcard ','2023-06-25 07:04:02','223.229.209.82','2023-06-25 07:04:02','223.229.209.82'),(74,'importance-of-digital-marketing-in-the-new-era-1687764530','Importance of Digital Marketing in the New Era','Exploring Its Work and Lucrative Career Opportunities','[BLOB]','result','articles',0,'#digital_marketing #seo #PPC #social_media #instagram #Content_writer','2023-06-26 07:28:50','106.202.214.144','2023-06-26 07:28:50','106.202.214.144'),(75,'uppsc-pcs-prelims-2023-result-declared.-1687847101','UPPSC PCS prelims 2023 result declared.','The Uttar Pradesh Public Service Commission (UPPSC) has declared the Provincial Civil Service (PCS) prelims result 2023 at the official website www.uppsc.up.nic.in. ','[BLOB]','result','news',0,'#uppsc #result_out #uttar_preadesh #prelims #uppsc_pcs_prelims','2023-06-27 06:25:01','157.35.69.14','2023-06-27 06:25:01','157.35.69.14'),(76,'ibps-rrb-2023-registration-ends-today.-1687953292','IBPS RRB 2023 registration ends today.','Today is the last date of registration for IBPS (Institute of Banking Personnel Selection), Students who want to apply can register up to today.','[BLOB]','application','news',0,'#IBPS_RRB_2023 #IBPS_RRB #application_form #last_date ','2023-06-28 11:54:52','106.213.12.7','2023-06-28 11:54:52','106.213.12.7'),(77,'introduction-to-ethical-hacking-1687953814','Introduction to Ethical Hacking','Navigating the Path to a Career in Cyber Defence.','[BLOB]','college-university','articles',0,'#cyber_security #hacking #Computer_science #ethical_hacking #spyware #bugs','2023-06-28 12:03:34','106.213.12.7','2023-06-28 12:03:34','106.213.12.7'),(78,'cuet-ug-2023-answer-key-released.-1688021716','CUET UG 2023 Answer key released.','National Testing Agency (NTA) has released the answer key of Common University Entrance Test – Undergraduate (CUET – UG) 2023 on the official website - www.cuet.samarth.ac.in.','[BLOB]','exam','news',0,'#cuet_ug #answer_key #nta #cuet_ug_2023','2023-06-29 06:55:16','106.213.12.7','2023-06-29 06:55:16','106.213.12.7'),(79,'karnataka-sslc-supplementary-2023-result-declared.-1688107297','Karnataka SSLC supplementary 2023 result declared.','Karnataka School Examination and Assessment Board (KSEAB) has declared the result of class 10 or SSLC supplementary 2023 result at official website – karresults.nic.in','[BLOB]','result','news',0,'#karnataka_class_10th_result #SSLC_supplementary #KSEAB #result_out #board_result','2023-06-30 06:41:37','122.180.166.68','2023-06-30 06:41:37','122.180.166.68'),(80,'how-to-balance-work-and-studies?-1688118086','How to Balance Work and Studies?','Tips for Working College Students.','[BLOB]','college-university','articles',0,'#student #work #education #Study_with_work #online_work','2023-06-30 09:41:26','122.180.166.68','2023-06-30 09:41:26','122.180.166.68'),(81,'the-importance-of-diversity-and-inclusion-on-college-campuses.-1688203132','The Importance of Diversity and Inclusion on College Campuses.','In this article we see the what are the importance of Diversity and Inclusion on College campuses or Universities?','[BLOB]','college-university','articles',0,'#college #university #diversity #Inclusion_on_college_campuses #student #education','2023-07-01 09:18:52','122.180.166.68','2023-07-01 09:18:52','122.180.166.68'),(82,'iiser-iat-result-2023-declared-at-www.iiseradmission.in.-1688368731','IISER IAT result 2023 declared at www.iiseradmission.in.','Result of Indian Institutes of Science Education and Research (IISER) Aptitude Test (IAT 2023) is declared at the official website – www.iiseradmission.in. ','[BLOB]','result','news',0,'#result #IISER_IAT #IISER_IAT_Result #result_out #2023','2023-07-03 07:18:51','223.235.234.208','2023-07-03 07:18:51','223.235.234.208'),(83,'jmi-entrance-test-result-2023-is-declared.-1688472076','JMI Entrance test result 2023 is declared.','Jamia Millia Islamia has declared JMI Entrance Test result 2023 at the official website – www.jmicoe.in.','[BLOB]','result','news',0,'#JMI #result #JMI_ENTRANCE_RESULT_2023 #result_out #education #study','2023-07-04 12:01:16','122.180.200.83','2023-07-04 12:02:09','122.180.200.83'),(84,'ca-result-2023-is-declared-at-www.icai.nic.in.--1688626655','CA Result 2023 is declared at www.icai.nic.in. ','The institute of Chartered Accountants of India (ICAI) has declared the result of CA 2023 on the official website – www.icai.nic.in. ','[BLOB]','result','news',0,'#CA #ICAI #ca_result #result_out #result_declared #chartered_accountant','2023-07-06 06:57:35','182.69.162.100','2023-07-06 06:57:35','182.69.162.100'),(85,'ugc-net-2023-answer-key-is-released.-1688653103','UGC NET 2023 Answer Key is released.','National Testing Agency (NTA) has released the answer key of UGC NET 2023 at the official website – www.ugcnet.nta.nic.in. ','[BLOB]','result','news',0,'#UGC_NET #NTA #answer_key #ugc_net_2023 #ugc_net_answer_key #education','2023-07-06 14:18:23','182.69.162.100','2023-07-06 14:18:23','182.69.162.100'),(86,'ts-ssc-supplementary-result-2023-is-declared.-1688739959','TS SSC Supplementary Result 2023 is declared.','Telangana Board of Secondary Education has declared the result of Telangana Secondary School Certificate (TS SSC) supplementary exam 2023 on official website – www.bse.telangana.gov.in. ','[BLOB]','result','news',0,'#TS_SSC #TSBSE #result_out #result_declared #TS_SSC_Supplementary_Result','2023-07-07 14:25:59','182.69.162.100','2023-07-07 14:25:59','182.69.162.100'),(87,'result-of-pearl-academy-july-cycle-2023-is-declared.-1688884869','Result of Pearl Academy July Cycle 2023 is declared.','Pearl Academy has declared the result of July cycle 2023 on the official website of – www.pearlacademy.com. ','[BLOB]','result','news',0,'#Pearl_Academy #result_out #result_declared #Pearl_Academy_ #July_cycle_result','2023-07-09 06:41:09','182.69.162.100','2023-07-09 06:41:09','182.69.162.100'),(88,'tamil-nadu-neet-ug-counselling-date-extended.-1688915080','Tamil Nadu NEET UG Counselling date extended.','DME has extended the date of Tamil Nadu NEET UG Counselling till 12th July 2023.','[BLOB]','counselling','news',0,'#counselling #NEET_UG #NEET #Date_extend #counselling_date_extend #Tamil_Nadu #DME #DMER','2023-07-09 15:04:40','182.69.162.100','2023-07-11 02:54:03','59.99.5.222'),(91,'the-impact-of-part_time-jobs-on-college-students-academic-performance-1689215060','The Impact of Part-Time Jobs on College Students\' Academic Performance','What are the Pros and Cons of part-time jobs for college students? | How to Manage Job and Academics? ','[BLOB]','college-university','articles',0,'#part_time_job #college_students #education #study #college #student #Internship ','2023-07-13 02:24:20','61.0.79.217','2023-07-13 02:25:24','61.0.79.217'),(92,'the-impact-of-part_time-jobs-on-college-students-academic-performance-1689230252','The Impact of Part-Time Jobs on College Students\' Academic Performance','What are the Pros and Cons of part-time jobs for college students ? | How to Manage Job and academics both? | Top_counsellor','[BLOB]','college-university','articles',0,'#part_time_job #college_students #education #study #college #student #Internship','2023-07-13 06:37:32','182.69.162.100','2023-07-13 06:37:32','182.69.162.100'),(93,'the-pros-and-cons-of-student-loan-debt:-managing-financial-burden-in-college-1689231793','The Pros and Cons of Student Loan Debt: Managing Financial Burden in College','How to manage the financial burden? | How to manage your Study? | What are the pros and cons of student loan? - Top_counsellor','[BLOB]','college-university','articles',0,'#student_loan #loan_burden #study #education #scholarship #student #university #college ','2023-07-13 07:03:13','182.69.162.100','2023-07-13 07:03:13','182.69.162.100'),(94,'the-importance-of-mental-health-support-in-college:-addressing-the-well_being-of-students-1689338255','The Importance of Mental Health Support in College: Addressing the Well-being of Students','How to manage the mental health? | Importance of Mental Health | Support needs to manage mental health - Top_counsellor','[BLOB]','college-university','articles',0,'#college_student #university #college #student #mental_healh #mental_pressure','2023-07-14 12:37:35','182.69.162.100','2023-07-14 12:37:35','182.69.162.100'),(95,'neet-ug-counselling-2023-schedule-is-announced-1689340374','NEET UG Counselling 2023 schedule is announced','Medical Counselling Committee (MCC) has announced the counselling date of National Eligibility cum Entrance Test for Undergraduate (NEET UG) on official website – www.mcc.nic.in. ','[BLOB]','counselling','news',62,'#neet_ug #neet_ug_2023 #cousenlling #neet_counselling #counselling_date ','2023-07-14 13:12:54','182.69.162.100','2023-07-14 13:14:02','182.69.162.100'),(96,'nest-2023-scorecard-is-released-1689407807','NEST 2023 scorecard is released','National Institute of Science Education and Research (NISER) has declared the scorecard of NEST (National Entrance Screening Test) 2023 on official website – www.nestexam.in. ','[BLOB]','result','news',0,'#NEST #NISER #result_out #nest_result_out #nest_2023 #Nest_scorecard','2023-07-15 07:56:47','182.69.162.100','2023-07-15 07:56:47','182.69.162.100'),(97,'cuet-2023-result-is-declared.-1689431602','CUET 2023 Result is declared.','National Testing Agency (NTA) has declared the result of CUET 2023 on official website – www.cuet.samarth.ac.in. ','[BLOB]','exam','news',0,'#CUET #NTA #CUET_2023 #result_out #result #cuet_result_2023','2023-07-15 14:33:22','182.69.162.100','2023-07-15 14:33:22','182.69.162.100'),(98,'exploring-the-vast-scope-in-the-it-sector-for-students-1689497380','Exploring the Vast Scope in the IT Sector for Students','Importance of IT Sector | Career Path for IT Sector | Opportunities for Students in IT sector - Top_counsellor','[BLOB]','college-university','articles',0,'#InformationandTechnology #IT_Sector #Computer #Technology #career_path #Student #college #university #Education','2023-07-16 08:49:40','122.167.233.89','2023-07-16 08:49:40','122.167.233.89'),(99,'bhu-admission-2023-registration-reopens-for-ug-programs-1689573785','BHU Admission 2023 registration reopens for UG programs','Banaras Hindu University (BHU) has reopen the registration for admission in UG programs.','[BLOB]','admission','news',0,'#BHU #BHU_Admission_2023 #admission_reopens #CUET #student #university #college #admission','2023-07-17 06:03:05','122.167.233.89','2023-07-17 06:05:36','122.167.233.89'),(100,'ncet-2023-application-submit-date-extended-1689609998','NCET 2023 application submit date extended','National Testing Agency (NTA) has extend the last date of application submit for National Common Entrance Test (NCET) 2023.','[BLOB]','application','news',0,'#NCET #NTA #last_date_extend #NCET_2023 #NCET_lastdate_extend #college #application','2023-07-17 16:06:38','122.167.233.89','2023-07-17 16:06:38','122.167.233.89'),(101,'government-jobs-vs-private-jobs-1689664085','Government Jobs Vs Private Jobs','Government Jobs vs Private Jobs, Pros, Cons, Importance, and Career Options in Both Sectors','[BLOB]','college-university','articles',0,'#government_VS_private #career_path #jobs #education #college #university #enterpreneurship ','2023-07-18 07:08:05','122.167.233.89','2023-07-18 07:08:32','122.167.233.89'),